{"id":698,"date":"2021-12-30T13:27:04","date_gmt":"2021-12-30T16:27:04","guid":{"rendered":"https:\/\/enajus.org.br\/2022\/?page_id=698"},"modified":"2022-10-06T15:52:30","modified_gmt":"2022-10-06T18:52:30","slug":"sobre-o-enajus","status":"publish","type":"page","link":"https:\/\/enajus.org.br\/2022\/sobre-o-enajus\/","title":{"rendered":"Sobre o EnAJUS"},"content":{"rendered":"\n<p>O EnAJUS 2022 ter\u00e1 sess\u00f5es destinadas a apresenta\u00e7\u00f5es de trabalhos e pain\u00e9is tem\u00e1ticos. Al\u00e9m disso, o evento oferecer\u00e1 minicursos, focados em m\u00e9todos e t\u00e9cnicas de pesquisa, que visam oferecer oportunidades de capacita\u00e7\u00e3o a indiv\u00edduos interessados em ampliar o conhecimento sobre pesquisa em Administra\u00e7\u00e3o da Justi\u00e7a, apoiada em dados e evid\u00eancias.<\/p>\n\n\n\n<p>O Encontro de Administra\u00e7\u00e3o da Justi\u00e7a \u2013 EnAJUS se prop\u00f5e a discutir, com base em evid\u00eancias, as distintas dimens\u00f5es te\u00f3ricas, metodol\u00f3gicas e pr\u00e1ticas, que comp\u00f5em o funcionamento da Justi\u00e7a. Trata-se de iniciativa que visa congregar v\u00e1rias \u00e1reas do conhecimento, como Direito, Economia, Sociologia e Administra\u00e7\u00e3o P\u00fablica, com a finalidade de gerar e disseminar conhecimentos capazes de melhorar os n\u00edveis de efici\u00eancia e de efetividade da Justi\u00e7a. Essa a\u00e7\u00e3o \u00e9 particularmente importante na medida em que sistemas de justi\u00e7a s\u00e3o, regra geral, caros, congestionados, lentos e pouco efetivos.<\/p>\n\n\n\n<p>Administra\u00e7\u00e3o da Justi\u00e7a \u00e9 tema de alta relev\u00e2ncia social e pol\u00edtica, por\u00e9m, pouco estudado, em particular nos pa\u00edses de matriz lus\u00f3fona. A administra\u00e7\u00e3o da justi\u00e7a implica o uso coordenado e articulado de recursos, conhecimentos, pessoas, regras e leis, com o objetivo de resolver conflitos entre indiv\u00edduos, grupos e organiza\u00e7\u00f5es. Sistemas de justi\u00e7a bem administrados s\u00e3o uma conquista civilizat\u00f3ria das sociedades e contribuem para a paz social e para o desenvolvimento socioecon\u00f4mico de pa\u00edses. Sistemas de justi\u00e7a bem administrados tamb\u00e9m podem fomentar rela\u00e7\u00f5es sociais baseadas em valores e princ\u00edpios \u00e9ticos e morais, incluindo o respeito \u00e0s leis e regras que regem tais rela\u00e7\u00f5es, e o reconhecimento dos direitos de grupos sociais e indiv\u00edduos.<\/p>\n\n\n\n<p>O conceito de sistema de justi\u00e7a envolve o funcionamento de organiza\u00e7\u00f5es judiciais, como os tribunais, e outras institui\u00e7\u00f5es essenciais \u00e0 justi\u00e7a, como Minist\u00e9rio P\u00fablico, Advocacia P\u00fablica, Advocacia, Defensoria P\u00fablica, tribunais administrativos, cart\u00f3rios e \u00f3rg\u00e3os de seguran\u00e7a p\u00fablica, incluindo as rela\u00e7\u00f5es entre as organiza\u00e7\u00f5es do sistema de justi\u00e7a e organiza\u00e7\u00f5es de outros sistemas, como organiza\u00e7\u00f5es pol\u00edticas, governamentais, do mercado e da sociedade civil. Como campo de pesquisa, a Administra\u00e7\u00e3o da Justi\u00e7a compreende m\u00faltiplas teorias e m\u00e9todos de pesquisa, visando investigar a gest\u00e3o do sistema de justi\u00e7a em diferentes perspectivas e n\u00edveis de an\u00e1lise.<\/p>\n\n\n\n<h2><strong>Escopo e Objetivos<\/strong><\/h2>\n\n\n\n<p>O Encontro de Administra\u00e7\u00e3o da Justi\u00e7a \u2013 EnAJUS \u00e9 um espa\u00e7o de di\u00e1logo entre professores, pesquisadores, t\u00e9cnicos, gestores p\u00fablicos e formuladores de pol\u00edticas p\u00fablicas, operadores do direito e alunos de gradua\u00e7\u00e3o e p\u00f3s-gradua\u00e7\u00e3o interessados no tema. O evento estimular\u00e1 o debate aprofundado entre os participantes e visa:<\/p>\n\n\n\n<ol><li>Ampliar, organizar e disseminar o conhecimento sobre Administra\u00e7\u00e3o da Justi\u00e7a;<\/li><li>Desenvolver redes de coopera\u00e7\u00e3o, com a troca de experi\u00eancias relacionadas com a tem\u00e1tica;<\/li><li>Disseminar o conhecimento a respeito de inova\u00e7\u00f5es e boas pr\u00e1ticas de gest\u00e3o em organiza\u00e7\u00f5es do Sistema de Justi\u00e7a;<\/li><li>Promover a interdisciplinaridade, mostrando como a Administra\u00e7\u00e3o da Justi\u00e7a congrega v\u00e1rias \u00e1reas do conhecimento, como Direito, Economia, Sociologia e Administra\u00e7\u00e3o P\u00fablica;<\/li><li>Contribuir com a capacita\u00e7\u00e3o de indiv\u00edduos interessados em realizar pesquisas sobre Administra\u00e7\u00e3o da Justi\u00e7a com base em dados e evid\u00eancias.<\/li><\/ol>\n\n\n\n<h2><strong>Edi\u00e7\u00f5es Anteriores<\/strong><\/h2>\n\n\n\n<p>As edi\u00e7\u00f5es de 2018 e 2019 do EnAJUS, realizadas em Bras\u00edlia-Brasil, resultaram do trabalho cooperativo do grupo de pesquisa Administra\u00e7\u00e3o da Justi\u00e7a (AJUS), dos programas de p\u00f3s-gradua\u00e7\u00e3o em Administra\u00e7\u00e3o e em Direito, ambos da Universidade de Bras\u00edlia, do Centro de Administra\u00e7\u00e3o e Pol\u00edticas P\u00fablicas (CAPP) do Instituto Superior de Ci\u00eancias Sociais e Pol\u00edticas da Universidade de Lisboa, e do Instituto Brasileiro de Estudos e Pesquisas Sociais (IBEPES). Na edi\u00e7\u00e3o de 2020, promovida no formato online, em decorr\u00eancia da pandemia global COVID-19, juntaram-se a esse grupo dois novos atores importantes: a Universidade Positivo, por meio dos programas de p\u00f3s-gradua\u00e7\u00e3o em Administra\u00e7\u00e3o e em Direito, e a Dire\u00e7\u00e3o-Geral de Pol\u00edtica de Justi\u00e7a (DGPJ), do Minist\u00e9rio da Justi\u00e7a de Portugal.<\/p>\n\n\n\n<p>Em 2021, em sua quarta edi\u00e7\u00e3o, o EnAJUS foi realizado em formato h\u00edbrido, com atividades presenciais em Lisboa, Portugal, e atividades remotas e transmiss\u00e3o ao vivo pela internet. O EnAJUS 2021 teve como tema central \u201cA Administra\u00e7\u00e3o da Justi\u00e7a, o Direito e a Administra\u00e7\u00e3o P\u00fablica e Privada: impactos, ramifica\u00e7\u00f5es, obst\u00e1culos e inevitabilidades\u201d. A realiza\u00e7\u00e3o do evento foi poss\u00edvel por meio do trabalho volunt\u00e1rio de mais de uma centena de indiv\u00edduos, que atuaram como organizadores, palestrantes, autores de trabalhos, avaliadores e em atividades t\u00e9cnicas e de apoio log\u00edstico. Aos organizadores anteriores, juntou-se ao grupo o Instituto de Investiga\u00e7\u00e3o Interdisciplinar (IURIS) da Universidade de Lisboa. Nesta edi\u00e7\u00e3o somam-se aos organizadores do evento, o Grupo de Pesquisa Administra\u00e7\u00e3o, Governo e Pol\u00edticas P\u00fablicas do Poder Judici\u00e1rio (GPJUs) e o Grupo de Pesquisa Gest\u00e3o, Desempenho e Efetividade do Judici\u00e1rio (GEJUD), do Brasil.<\/p>\n\n\n\n<p>Em cada uma das edi\u00e7\u00f5es anteriores o evento reuniu aproximadamente 130 participantes, entre professores, pesquisadores, t\u00e9cnicos, gestores p\u00fablicos e formuladores de pol\u00edticas p\u00fablicas, operadores do direito e estudantes de gradua\u00e7\u00e3o e p\u00f3s-gradua\u00e7\u00e3o. Mais informa\u00e7\u00f5es a respeito das edi\u00e7\u00f5es anteriores do EnAJUS podem ser encontradas em <a href=\"https:\/\/enajus.org.br\/2022\/edicoes-anteriores\">https:\/\/enajus.org.br\/2022\/edicoes-anteriores<\/a>.<\/p>\n","protected":false},"excerpt":{"rendered":"<p>O EnAJUS 2022 ter\u00e1 sess\u00f5es destinadas a apresenta\u00e7\u00f5es de trabalhos e pain\u00e9is tem\u00e1ticos. Al\u00e9m disso, o evento oferecer\u00e1 minicursos, focados em m\u00e9todos e t\u00e9cnicas de pesquisa, que visam oferecer oportunidades de capacita\u00e7\u00e3o a indiv\u00edduos interessados em ampliar o conhecimento sobre pesquisa em Administra\u00e7\u00e3o da Justi\u00e7a, apoiada em dados e evid\u00eancias. O Encontro de Administra\u00e7\u00e3o da &hellip; <a href=\"https:\/\/enajus.org.br\/2022\/sobre-o-enajus\/\" class=\"more-link\">Continue reading<span class=\"screen-reader-text\"> &#8220;Sobre o EnAJUS&#8221;<\/span><\/a><\/p>\n","protected":false},"author":1,"featured_media":0,"parent":0,"menu_order":0,"comment_status":"closed","ping_status":"closed","template":"","meta":[],"acf":[],"_links":{"self":[{"href":"https:\/\/enajus.org.br\/2022\/wp-json\/wp\/v2\/pages\/698"}],"collection":[{"href":"https:\/\/enajus.org.br\/2022\/wp-json\/wp\/v2\/pages"}],"about":[{"href":"https:\/\/enajus.org.br\/2022\/wp-json\/wp\/v2\/types\/page"}],"author":[{"embeddable":true,"href":"https:\/\/enajus.org.br\/2022\/wp-json\/wp\/v2\/users\/1"}],"replies":[{"embeddable":true,"href":"https:\/\/enajus.org.br\/2022\/wp-json\/wp\/v2\/comments?post=698"}],"version-history":[{"count":3,"href":"https:\/\/enajus.org.br\/2022\/wp-json\/wp\/v2\/pages\/698\/revisions"}],"predecessor-version":[{"id":1152,"href":"https:\/\/enajus.org.br\/2022\/wp-json\/wp\/v2\/pages\/698\/revisions\/1152"}],"wp:attachment":[{"href":"https:\/\/enajus.org.br\/2022\/wp-json\/wp\/v2\/media?parent=698"}],"curies":[{"name":"wp","href":"https:\/\/api.w.org\/{rel}","templated":true}]}}