{"id":706,"date":"2021-12-30T13:31:19","date_gmt":"2021-12-30T16:31:19","guid":{"rendered":"https:\/\/enajus.org.br\/2022\/?page_id=706"},"modified":"2022-07-21T23:24:07","modified_gmt":"2022-07-22T02:24:07","slug":"realizacao","status":"publish","type":"page","link":"https:\/\/enajus.org.br\/2022\/realizacao\/","title":{"rendered":"Realiza\u00e7\u00e3o"},"content":{"rendered":"<div class=\"organisers\"><div class=\"organiser-item\"><figure><img width=\"500\" height=\"250\" src=\"https:\/\/enajus.org.br\/2022\/wp-content\/uploads\/2021\/12\/ibepes.png\" class=\"attachment-post-thumbnail size-post-thumbnail wp-post-image\" alt=\"\" decoding=\"async\" loading=\"lazy\" srcset=\"https:\/\/enajus.org.br\/2022\/wp-content\/uploads\/2021\/12\/ibepes.png 500w, https:\/\/enajus.org.br\/2022\/wp-content\/uploads\/2021\/12\/ibepes-400x200.png 400w, https:\/\/enajus.org.br\/2022\/wp-content\/uploads\/2021\/12\/ibepes-300x150.png 300w, https:\/\/enajus.org.br\/2022\/wp-content\/uploads\/2021\/12\/ibepes-18x9.png 18w\" sizes=\"(max-width: 709px) 85vw, (max-width: 909px) 67vw, (max-width: 1362px) 88vw, 1200px\" \/><\/figure><\/div><div class=\"organiser-item\"><figure><img width=\"500\" height=\"250\" src=\"https:\/\/enajus.org.br\/2022\/wp-content\/uploads\/2021\/12\/ajus.png\" class=\"attachment-post-thumbnail size-post-thumbnail wp-post-image\" alt=\"\" decoding=\"async\" loading=\"lazy\" srcset=\"https:\/\/enajus.org.br\/2022\/wp-content\/uploads\/2021\/12\/ajus.png 500w, https:\/\/enajus.org.br\/2022\/wp-content\/uploads\/2021\/12\/ajus-400x200.png 400w, https:\/\/enajus.org.br\/2022\/wp-content\/uploads\/2021\/12\/ajus-300x150.png 300w, https:\/\/enajus.org.br\/2022\/wp-content\/uploads\/2021\/12\/ajus-18x9.png 18w\" sizes=\"(max-width: 709px) 85vw, (max-width: 909px) 67vw, (max-width: 1362px) 88vw, 1200px\" \/><\/figure><\/div><div class=\"organiser-item\"><a href=\"https:\/\/www.up.edu.br\/\" target=\"_blank\"><figure><img width=\"500\" height=\"250\" src=\"https:\/\/enajus.org.br\/2022\/wp-content\/uploads\/2021\/12\/positivo.png\" class=\"attachment-post-thumbnail size-post-thumbnail wp-post-image\" alt=\"\" decoding=\"async\" loading=\"lazy\" srcset=\"https:\/\/enajus.org.br\/2022\/wp-content\/uploads\/2021\/12\/positivo.png 500w, https:\/\/enajus.org.br\/2022\/wp-content\/uploads\/2021\/12\/positivo-400x200.png 400w, https:\/\/enajus.org.br\/2022\/wp-content\/uploads\/2021\/12\/positivo-300x150.png 300w, https:\/\/enajus.org.br\/2022\/wp-content\/uploads\/2021\/12\/positivo-18x9.png 18w\" sizes=\"(max-width: 709px) 85vw, (max-width: 909px) 67vw, (max-width: 1362px) 88vw, 1200px\" \/><\/figure><\/a><\/div><div class=\"organiser-item\"><figure><img width=\"500\" height=\"250\" src=\"https:\/\/enajus.org.br\/2022\/wp-content\/uploads\/2022\/03\/cpup-2022.png\" class=\"attachment-post-thumbnail size-post-thumbnail wp-post-image\" alt=\"Centro de Pesquisa Positivo\" decoding=\"async\" loading=\"lazy\" srcset=\"https:\/\/enajus.org.br\/2022\/wp-content\/uploads\/2022\/03\/cpup-2022.png 500w, https:\/\/enajus.org.br\/2022\/wp-content\/uploads\/2022\/03\/cpup-2022-400x200.png 400w, https:\/\/enajus.org.br\/2022\/wp-content\/uploads\/2022\/03\/cpup-2022-18x9.png 18w, https:\/\/enajus.org.br\/2022\/wp-content\/uploads\/2022\/03\/cpup-2022-300x150.png 300w\" sizes=\"(max-width: 709px) 85vw, (max-width: 909px) 67vw, (max-width: 1362px) 88vw, 1200px\" \/><\/figure><\/div><div class=\"organiser-item\"><figure><img width=\"500\" height=\"250\" src=\"https:\/\/enajus.org.br\/2022\/wp-content\/uploads\/2021\/12\/unb.png\" class=\"attachment-post-thumbnail size-post-thumbnail wp-post-image\" alt=\"Universidade de Bras\u00edlia\" decoding=\"async\" loading=\"lazy\" srcset=\"https:\/\/enajus.org.br\/2022\/wp-content\/uploads\/2021\/12\/unb.png 500w, https:\/\/enajus.org.br\/2022\/wp-content\/uploads\/2021\/12\/unb-400x200.png 400w, https:\/\/enajus.org.br\/2022\/wp-content\/uploads\/2021\/12\/unb-300x150.png 300w, https:\/\/enajus.org.br\/2022\/wp-content\/uploads\/2021\/12\/unb-18x9.png 18w\" sizes=\"(max-width: 709px) 85vw, (max-width: 909px) 67vw, (max-width: 1362px) 88vw, 1200px\" \/><\/figure><\/div><div class=\"organiser-item\"><figure><img width=\"500\" height=\"250\" src=\"https:\/\/enajus.org.br\/2022\/wp-content\/uploads\/2021\/12\/dcpj.png\" class=\"attachment-post-thumbnail size-post-thumbnail wp-post-image\" alt=\"\" decoding=\"async\" loading=\"lazy\" srcset=\"https:\/\/enajus.org.br\/2022\/wp-content\/uploads\/2021\/12\/dcpj.png 500w, https:\/\/enajus.org.br\/2022\/wp-content\/uploads\/2021\/12\/dcpj-400x200.png 400w, https:\/\/enajus.org.br\/2022\/wp-content\/uploads\/2021\/12\/dcpj-300x150.png 300w, https:\/\/enajus.org.br\/2022\/wp-content\/uploads\/2021\/12\/dcpj-18x9.png 18w\" sizes=\"(max-width: 709px) 85vw, (max-width: 909px) 67vw, (max-width: 1362px) 88vw, 1200px\" \/><\/figure><\/div><div class=\"organiser-item\"><figure><img width=\"500\" height=\"250\" src=\"https:\/\/enajus.org.br\/2022\/wp-content\/uploads\/2021\/12\/capp.png\" class=\"attachment-post-thumbnail size-post-thumbnail wp-post-image\" alt=\"\" decoding=\"async\" loading=\"lazy\" srcset=\"https:\/\/enajus.org.br\/2022\/wp-content\/uploads\/2021\/12\/capp.png 500w, https:\/\/enajus.org.br\/2022\/wp-content\/uploads\/2021\/12\/capp-400x200.png 400w, https:\/\/enajus.org.br\/2022\/wp-content\/uploads\/2021\/12\/capp-300x150.png 300w, https:\/\/enajus.org.br\/2022\/wp-content\/uploads\/2021\/12\/capp-18x9.png 18w\" sizes=\"(max-width: 709px) 85vw, (max-width: 909px) 67vw, (max-width: 1362px) 88vw, 1200px\" \/><\/figure><\/div><div class=\"organiser-item\"><figure><img width=\"500\" height=\"250\" src=\"https:\/\/enajus.org.br\/2022\/wp-content\/uploads\/2021\/12\/iuris.png\" class=\"attachment-post-thumbnail size-post-thumbnail wp-post-image\" alt=\"\" decoding=\"async\" loading=\"lazy\" srcset=\"https:\/\/enajus.org.br\/2022\/wp-content\/uploads\/2021\/12\/iuris.png 500w, https:\/\/enajus.org.br\/2022\/wp-content\/uploads\/2021\/12\/iuris-400x200.png 400w, https:\/\/enajus.org.br\/2022\/wp-content\/uploads\/2021\/12\/iuris-300x150.png 300w, https:\/\/enajus.org.br\/2022\/wp-content\/uploads\/2021\/12\/iuris-18x9.png 18w\" sizes=\"(max-width: 709px) 85vw, (max-width: 909px) 67vw, (max-width: 1362px) 88vw, 1200px\" \/><\/figure><\/div><div class=\"organiser-item\"><figure><img width=\"500\" height=\"250\" src=\"https:\/\/enajus.org.br\/2022\/wp-content\/uploads\/2021\/12\/gpjus.png\" class=\"attachment-post-thumbnail size-post-thumbnail wp-post-image\" alt=\"GPJus\" decoding=\"async\" loading=\"lazy\" srcset=\"https:\/\/enajus.org.br\/2022\/wp-content\/uploads\/2021\/12\/gpjus.png 500w, https:\/\/enajus.org.br\/2022\/wp-content\/uploads\/2021\/12\/gpjus-400x200.png 400w, https:\/\/enajus.org.br\/2022\/wp-content\/uploads\/2021\/12\/gpjus-300x150.png 300w, https:\/\/enajus.org.br\/2022\/wp-content\/uploads\/2021\/12\/gpjus-18x9.png 18w\" sizes=\"(max-width: 709px) 85vw, (max-width: 909px) 67vw, (max-width: 1362px) 88vw, 1200px\" \/><\/figure><\/div><div class=\"organiser-item\"><figure><img width=\"500\" height=\"250\" src=\"https:\/\/enajus.org.br\/2022\/wp-content\/uploads\/2021\/12\/gejud.png\" class=\"attachment-post-thumbnail size-post-thumbnail wp-post-image\" alt=\"GEJUD\" decoding=\"async\" loading=\"lazy\" srcset=\"https:\/\/enajus.org.br\/2022\/wp-content\/uploads\/2021\/12\/gejud.png 500w, https:\/\/enajus.org.br\/2022\/wp-content\/uploads\/2021\/12\/gejud-400x200.png 400w, https:\/\/enajus.org.br\/2022\/wp-content\/uploads\/2021\/12\/gejud-300x150.png 300w, https:\/\/enajus.org.br\/2022\/wp-content\/uploads\/2021\/12\/gejud-18x9.png 18w\" sizes=\"(max-width: 709px) 85vw, (max-width: 909px) 67vw, (max-width: 1362px) 88vw, 1200px\" \/><\/figure><\/div><div class=\"organiser-item\"><figure><img width=\"500\" height=\"250\" src=\"https:\/\/enajus.org.br\/2022\/wp-content\/uploads\/2022\/06\/ibrajus.png\" class=\"attachment-post-thumbnail size-post-thumbnail wp-post-image\" alt=\"\" decoding=\"async\" loading=\"lazy\" srcset=\"https:\/\/enajus.org.br\/2022\/wp-content\/uploads\/2022\/06\/ibrajus.png 500w, https:\/\/enajus.org.br\/2022\/wp-content\/uploads\/2022\/06\/ibrajus-400x200.png 400w, https:\/\/enajus.org.br\/2022\/wp-content\/uploads\/2022\/06\/ibrajus-18x9.png 18w, https:\/\/enajus.org.br\/2022\/wp-content\/uploads\/2022\/06\/ibrajus-300x150.png 300w\" sizes=\"(max-width: 709px) 85vw, (max-width: 909px) 67vw, (max-width: 1362px) 88vw, 1200px\" \/><\/figure><\/div><div class=\"organiser-item\"><figure><img width=\"500\" height=\"250\" src=\"https:\/\/enajus.org.br\/2022\/wp-content\/uploads\/2022\/08\/faculdade-de-coimbra.png\" class=\"attachment-post-thumbnail size-post-thumbnail wp-post-image\" alt=\"Faculdade de Direito da Universidade de Coimbra\" decoding=\"async\" loading=\"lazy\" srcset=\"https:\/\/enajus.org.br\/2022\/wp-content\/uploads\/2022\/08\/faculdade-de-coimbra.png 500w, https:\/\/enajus.org.br\/2022\/wp-content\/uploads\/2022\/08\/faculdade-de-coimbra-400x200.png 400w, https:\/\/enajus.org.br\/2022\/wp-content\/uploads\/2022\/08\/faculdade-de-coimbra-18x9.png 18w, https:\/\/enajus.org.br\/2022\/wp-content\/uploads\/2022\/08\/faculdade-de-coimbra-300x150.png 300w\" sizes=\"(max-width: 709px) 85vw, (max-width: 909px) 67vw, (max-width: 1362px) 88vw, 1200px\" \/><\/figure><\/div><div class=\"organiser-item\"><figure><img width=\"500\" height=\"250\" src=\"https:\/\/enajus.org.br\/2022\/wp-content\/uploads\/2022\/07\/ejudft.png\" class=\"attachment-post-thumbnail size-post-thumbnail wp-post-image\" alt=\"EjuDFT\" decoding=\"async\" loading=\"lazy\" srcset=\"https:\/\/enajus.org.br\/2022\/wp-content\/uploads\/2022\/07\/ejudft.png 500w, https:\/\/enajus.org.br\/2022\/wp-content\/uploads\/2022\/07\/ejudft-400x200.png 400w, https:\/\/enajus.org.br\/2022\/wp-content\/uploads\/2022\/07\/ejudft-18x9.png 18w, https:\/\/enajus.org.br\/2022\/wp-content\/uploads\/2022\/07\/ejudft-300x150.png 300w\" sizes=\"(max-width: 709px) 85vw, (max-width: 909px) 67vw, (max-width: 1362px) 88vw, 1200px\" \/><\/figure><\/div><\/div>\n\n\n\n<h2 class=\"has-text-align-left\">Apoio<\/h2>\n\n\n<div class=\"organisers\"><div class=\"organiser-item\"><figure><img width=\"500\" height=\"250\" src=\"https:\/\/enajus.org.br\/2022\/wp-content\/uploads\/2022\/07\/capes.png\" class=\"attachment-post-thumbnail size-post-thumbnail wp-post-image\" alt=\"CAPES\" decoding=\"async\" loading=\"lazy\" srcset=\"https:\/\/enajus.org.br\/2022\/wp-content\/uploads\/2022\/07\/capes.png 500w, https:\/\/enajus.org.br\/2022\/wp-content\/uploads\/2022\/07\/capes-400x200.png 400w, https:\/\/enajus.org.br\/2022\/wp-content\/uploads\/2022\/07\/capes-18x9.png 18w, https:\/\/enajus.org.br\/2022\/wp-content\/uploads\/2022\/07\/capes-300x150.png 300w\" sizes=\"(max-width: 709px) 85vw, (max-width: 909px) 67vw, (max-width: 1362px) 88vw, 1200px\" \/><\/figure><\/div><div class=\"organiser-item\"><figure><img width=\"500\" height=\"250\" src=\"https:\/\/enajus.org.br\/2022\/wp-content\/uploads\/2022\/03\/fundacao-araucaria-2022.png\" class=\"attachment-post-thumbnail size-post-thumbnail wp-post-image\" alt=\"Funda\u00e7\u00e3o Arauc\u00e1ria\" decoding=\"async\" loading=\"lazy\" srcset=\"https:\/\/enajus.org.br\/2022\/wp-content\/uploads\/2022\/03\/fundacao-araucaria-2022.png 500w, https:\/\/enajus.org.br\/2022\/wp-content\/uploads\/2022\/03\/fundacao-araucaria-2022-400x200.png 400w, https:\/\/enajus.org.br\/2022\/wp-content\/uploads\/2022\/03\/fundacao-araucaria-2022-18x9.png 18w, https:\/\/enajus.org.br\/2022\/wp-content\/uploads\/2022\/03\/fundacao-araucaria-2022-300x150.png 300w\" sizes=\"(max-width: 709px) 85vw, (max-width: 909px) 67vw, (max-width: 1362px) 88vw, 1200px\" \/><\/figure><\/div><\/div>\n\n\n<ul class=\"sanfona\"><li>Comit\u00ea Organizador<ul><li>Adalmir de Oliveira Gomes, Professor Adjunto, Universidade de Bras\u00edlia,  Brasil.<\/li><li>Alexandre dos Santos Cunha, IPEA e Professor Titular, Universidade Positivo,  Brasil.<\/li><li>Ana Claudia Farranha, Professora Associada, Universidade de Bras\u00edlia,  Brasil.<\/li><li>Anderson Marcos dos Santos, Professor Titular, Universidade Positivo,  Brasil.<\/li><li>Bernardo Oliveira Buta, Professor, Funda\u00e7\u00e3o Getulio Vargas (FGV-EPPG),  Brasil.<\/li><li>Claudia Roesler, Professora Associada, Universidade de Bras\u00edlia,  Brasil.<\/li><li>Edson Ronaldo Guarido Filho, Professor Titular, Universidade Positivo e Professor Adjunto, Universidade Federal do Paran\u00e1 e Universidade Positivo,  Brasil.<\/li><li>Eduardo Vera-Cruz Pinto, Professor Catedr\u00e1tico, Universidade de Lisboa,  Portugal.<\/li><li>Fabricio Castagna Lunardi, Professor, Escola Nacional de Forma\u00e7\u00e3o e Aperfei\u00e7oamento de Magistrados (ENFAM),  Brasil.<\/li><li>Jo\u00e3o Abreu de Faria Bilhim, Professor Catedr\u00e1tico, Universidade de Lisboa,  Portugal.<\/li><li>Jorge Albino Alves Costa, Secret\u00e1rio de Estado Adjunto e da Justi\u00e7a, Rep\u00fablica Portuguesa,  Portugal.<\/li><li>Lara Patr\u00edcio de Moura Tavares, vice-presidente do Centro de Administra\u00e7\u00e3o e Pol\u00edticas P\u00fablicas, Universidade de Lisboa,  Portugal.<\/li><li>Luciano Athayde Chaves, Professor, Universidade Federal do Rio Grande do Norte,  Brasil.<\/li><li>Luis Miguel Pereira Lopes, Professor, Universidade de Lisboa, presidente do Centro de Administra\u00e7\u00e3o e Pol\u00edticas P\u00fablicas,  Portugal.<\/li><li>Maria Tereza Uille Gomes, Professora Titular, Universidade Positivo, Conselheira do Conselho Nacional de Justi\u00e7a,  Brasil.<\/li><li>Miguel Rom\u00e3o, Professor da Faculdade de Direito, Universidade de Lisboa,  Portugal.<\/li><li>Ol\u00edvia Alves Gomes Pessoa, Coordenadora Executiva do Centro de Pesquisa Jur\u00eddica e Social (CPJUS), Universidade Positivo,  Brasil.<\/li><li>Pedro Miguel Alves Correia, Professor Associado da Faculdade de Direito da Universidade de Coimbra, Consultor da Dire\u00e7\u00e3o-Geral da Pol\u00edtica de Justi\u00e7a, Minist\u00e9rio da Justi\u00e7a de Portugal,  Portugal.<\/li><li>Roberto di Benedetto, Professor Titular e Pr\u00f3-Reitor de Pesquisa e P\u00f3s-Gradua\u00e7\u00e3o, Universidade Positivo,  Brasil.<\/li><li>Tomas de Aquino Guimaraes, Professor Titular, Universidade de Bras\u00edlia,  Brasil.<\/li><\/ul><\/li><li>Secretaria e Apoio log\u00edstico<ul><li>Andr\u00e9 Jos\u00e9 Ribeiro Guimar\u00e3es, Doutorando no Programa de Gest\u00e3o da Informa\u00e7\u00e3o, Universidade Federal do Paran\u00e1 e Designer Gr\u00e1fico,  Brasil.<\/li><li>Fl\u00e1via Roberta Fernandes, Doutoranda no Programa de Gest\u00e3o da Informa\u00e7\u00e3o, Universidade Federal do Paran\u00e1 e Pesquisadora do IBEPES,  Brasil.<\/li><\/ul><\/li><\/ul>\n","protected":false},"excerpt":{"rendered":"<p>Apoio<\/p>\n","protected":false},"author":1,"featured_media":0,"parent":0,"menu_order":0,"comment_status":"closed","ping_status":"closed","template":"","meta":[],"acf":[],"_links":{"self":[{"href":"https:\/\/enajus.org.br\/2022\/wp-json\/wp\/v2\/pages\/706"}],"collection":[{"href":"https:\/\/enajus.org.br\/2022\/wp-json\/wp\/v2\/pages"}],"about":[{"href":"https:\/\/enajus.org.br\/2022\/wp-json\/wp\/v2\/types\/page"}],"author":[{"embeddable":true,"href":"https:\/\/enajus.org.br\/2022\/wp-json\/wp\/v2\/users\/1"}],"replies":[{"embeddable":true,"href":"https:\/\/enajus.org.br\/2022\/wp-json\/wp\/v2\/comments?post=706"}],"version-history":[{"count":3,"href":"https:\/\/enajus.org.br\/2022\/wp-json\/wp\/v2\/pages\/706\/revisions"}],"predecessor-version":[{"id":1063,"href":"https:\/\/enajus.org.br\/2022\/wp-json\/wp\/v2\/pages\/706\/revisions\/1063"}],"wp:attachment":[{"href":"https:\/\/enajus.org.br\/2022\/wp-json\/wp\/v2\/media?parent=706"}],"curies":[{"name":"wp","href":"https:\/\/api.w.org\/{rel}","templated":true}]}}