{"id":812,"date":"2022-01-27T14:06:40","date_gmt":"2022-01-27T17:06:40","guid":{"rendered":"https:\/\/enajus.org.br\/2022\/?page_id=812"},"modified":"2022-01-27T14:10:59","modified_gmt":"2022-01-27T17:10:59","slug":"tema-central-2022","status":"publish","type":"page","link":"https:\/\/enajus.org.br\/2022\/tema-central-2022\/","title":{"rendered":"Tema Central 2022"},"content":{"rendered":"\n<p>O EnAJUS 2022 tem como tema central a <strong>TRANSFORMA\u00c7\u00c3O DIGITAL E A ADMINISTRA\u00c7\u00c3O DA JUSTI\u00c7A P\u00d3S-COVID<\/strong>. O tema central sinaliza aos participantes a import\u00e2ncia da reflex\u00e3o sobre a transi\u00e7\u00e3o digital em curso no \u00e2mbito de organiza\u00e7\u00f5es da justi\u00e7a, acentuada durante o per\u00edodo da pandemia da Covid-19. Em especial, procura-se compreender os condicionantes e impacto da progressiva integra\u00e7\u00e3o de novas tecnologias, explorando as consequ\u00eancias da migra\u00e7\u00e3o para o modo remoto e do uso de novas arquiteturas, plataformas e sistemas de comunica\u00e7\u00e3o, em rela\u00e7\u00e3o a quest\u00f5es como acesso \u00e0 justi\u00e7a, garantia de qualidade das decis\u00f5es, direito de defesa, gest\u00e3o eficiente de recursos, efetividade de pol\u00edticas judici\u00e1rias, entre outros aspectos. Trata-se de espa\u00e7o de prof\u00edcuo debate acerca das estruturas e pr\u00e1ticas em uso, buscando incentivar a reflex\u00e3o cr\u00edtica sobre a emerg\u00eancia de novos modelos de presta\u00e7\u00e3o de servi\u00e7o jurisdicional cujas consequ\u00eancias para o Sistema de Justi\u00e7a e para a sociedade ainda s\u00e3o incertas e, nesse sentido, carecem de estudos aprofundados.<\/p>\n","protected":false},"excerpt":{"rendered":"<p>O EnAJUS 2022 tem como tema central a TRANSFORMA\u00c7\u00c3O DIGITAL E A ADMINISTRA\u00c7\u00c3O DA JUSTI\u00c7A P\u00d3S-COVID. O tema central sinaliza aos participantes a import\u00e2ncia da reflex\u00e3o sobre a transi\u00e7\u00e3o digital em curso no \u00e2mbito de organiza\u00e7\u00f5es da justi\u00e7a, acentuada durante o per\u00edodo da pandemia da Covid-19. Em especial, procura-se compreender os condicionantes e impacto da &hellip; <a href=\"https:\/\/enajus.org.br\/2022\/tema-central-2022\/\" class=\"more-link\">Continue reading<span class=\"screen-reader-text\"> &#8220;Tema Central 2022&#8221;<\/span><\/a><\/p>\n","protected":false},"author":8,"featured_media":0,"parent":0,"menu_order":0,"comment_status":"closed","ping_status":"closed","template":"","meta":[],"acf":[],"_links":{"self":[{"href":"https:\/\/enajus.org.br\/2022\/wp-json\/wp\/v2\/pages\/812"}],"collection":[{"href":"https:\/\/enajus.org.br\/2022\/wp-json\/wp\/v2\/pages"}],"about":[{"href":"https:\/\/enajus.org.br\/2022\/wp-json\/wp\/v2\/types\/page"}],"author":[{"embeddable":true,"href":"https:\/\/enajus.org.br\/2022\/wp-json\/wp\/v2\/users\/8"}],"replies":[{"embeddable":true,"href":"https:\/\/enajus.org.br\/2022\/wp-json\/wp\/v2\/comments?post=812"}],"version-history":[{"count":0,"href":"https:\/\/enajus.org.br\/2022\/wp-json\/wp\/v2\/pages\/812\/revisions"}],"wp:attachment":[{"href":"https:\/\/enajus.org.br\/2022\/wp-json\/wp\/v2\/media?parent=812"}],"curies":[{"name":"wp","href":"https:\/\/api.w.org\/{rel}","templated":true}]}}