{"id":1632,"date":"2023-05-17T22:11:39","date_gmt":"2023-05-18T01:11:39","guid":{"rendered":"https:\/\/enajus.org.br\/2023\/?post_type=palestrante&#038;p=1632"},"modified":"2023-05-17T22:11:39","modified_gmt":"2023-05-18T01:11:39","slug":"benjamin-tabak","status":"publish","type":"palestrante","link":"https:\/\/enajus.org.br\/2023\/palestrante\/benjamin-tabak\/","title":{"rendered":"Benjamin Tabak"},"content":{"rendered":"\n<p>Professor e Coordenador do Laborat\u00f3rio Experimental de Pol\u00edticas P\u00fablicas da Funda\u00e7\u00e3o Get\u00falio Vargas (FGV).<\/p>\n","protected":false},"excerpt":{"rendered":"<p>Professor e Coordenador do Laborat\u00f3rio Experimental de Pol\u00edticas P\u00fablicas da Funda\u00e7\u00e3o Get\u00falio Vargas (FGV).<\/p>\n","protected":false},"featured_media":1605,"template":"","acf":[],"_links":{"self":[{"href":"https:\/\/enajus.org.br\/2023\/wp-json\/wp\/v2\/palestrante\/1632"}],"collection":[{"href":"https:\/\/enajus.org.br\/2023\/wp-json\/wp\/v2\/palestrante"}],"about":[{"href":"https:\/\/enajus.org.br\/2023\/wp-json\/wp\/v2\/types\/palestrante"}],"wp:featuredmedia":[{"embeddable":true,"href":"https:\/\/enajus.org.br\/2023\/wp-json\/wp\/v2\/media\/1605"}],"wp:attachment":[{"href":"https:\/\/enajus.org.br\/2023\/wp-json\/wp\/v2\/media?parent=1632"}],"curies":[{"name":"wp","href":"https:\/\/api.w.org\/{rel}","templated":true}]}}

<p>Professor e Coordenador do Laboratório Experimental de Políticas Públicas da Fundação Getúlio Vargas (FGV).</p>
