{"id":2354,"date":"2024-12-21T09:41:23","date_gmt":"2024-12-21T12:41:23","guid":{"rendered":"https:\/\/enajus.org.br\/?page_id=2354"},"modified":"2024-12-21T09:41:24","modified_gmt":"2024-12-21T12:41:24","slug":"enajus-2025","status":"publish","type":"page","link":"https:\/\/enajus.org.br\/2024\/enajus-2025\/","title":{"rendered":"EnAJUS 2025"},"content":{"rendered":"\n<figure class=\"wp-block-image size-full\"><img loading=\"lazy\" decoding=\"async\" width=\"1000\" height=\"1000\" src=\"https:\/\/enajus.org.br\/wp-content\/uploads\/2024\/12\/anuncio-enajus-2025.jpg\" alt=\"\" class=\"wp-image-2355\" srcset=\"https:\/\/enajus.org.br\/2024\/wp-content\/uploads\/2024\/12\/anuncio-enajus-2025.jpg 1000w, https:\/\/enajus.org.br\/2024\/wp-content\/uploads\/2024\/12\/anuncio-enajus-2025-400x400.jpg 400w, https:\/\/enajus.org.br\/2024\/wp-content\/uploads\/2024\/12\/anuncio-enajus-2025-150x150.jpg 150w, https:\/\/enajus.org.br\/2024\/wp-content\/uploads\/2024\/12\/anuncio-enajus-2025-768x768.jpg 768w, https:\/\/enajus.org.br\/2024\/wp-content\/uploads\/2024\/12\/anuncio-enajus-2025-12x12.jpg 12w, https:\/\/enajus.org.br\/2024\/wp-content\/uploads\/2024\/12\/anuncio-enajus-2025-300x300.jpg 300w\" sizes=\"auto, (max-width: 709px) 85vw, (max-width: 909px) 67vw, (max-width: 1362px) 62vw, 840px\" \/><\/figure>\n","protected":false},"excerpt":{"rendered":"","protected":false},"author":1,"featured_media":0,"parent":0,"menu_order":0,"comment_status":"closed","ping_status":"closed","template":"","meta":{"_acf_changed":false,"footnotes":""},"class_list":["post-2354","page","type-page","status-publish","hentry"],"acf":[],"yoast_head":"<!-- This site is optimized with the Yoast SEO plugin v23.4 - https:\/\/yoast.com\/wordpress\/plugins\/seo\/ -->\n<title>EnAJUS 2025 - EnAJUS<\/title>\n<meta name=\"robots\" content=\"index, follow, max-snippet:-1, max-image-preview:large, max-video-preview:-1\" \/>\n<link rel=\"canonical\" href=\"https:\/\/enajus.org.br\/2024\/enajus-2025\/\" \/>\n<meta property=\"og:locale\" content=\"pt_BR\" \/>\n<meta property=\"og:type\" content=\"article\" \/>\n<meta property=\"og:title\" content=\"EnAJUS 2025 - EnAJUS\" \/>\n<meta property=\"og:url\" content=\"https:\/\/enajus.org.br\/2024\/enajus-2025\/\" \/>\n<meta property=\"og:site_name\" content=\"EnAJUS\" \/>\n<meta property=\"article:publisher\" content=\"https:\/\/www.facebook.com\/enajus2024\" \/>\n<meta property=\"article:modified_time\" content=\"2024-12-21T12:41:24+00:00\" \/>\n<meta property=\"og:image\" content=\"https:\/\/enajus.org.br\/wp-content\/uploads\/2024\/12\/anuncio-enajus-2025.jpg\" \/>\n<meta name=\"twitter:card\" content=\"summary_large_image\" \/>\n<meta name=\"twitter:label1\" content=\"Est. tempo de leitura\" \/>\n\t<meta name=\"twitter:data1\" content=\"1 minuto\" \/>\n<script type=\"application\/ld+json\" class=\"yoast-schema-graph\">{\"@context\":\"https:\/\/schema.org\",\"@graph\":[{\"@type\":\"WebPage\",\"@id\":\"https:\/\/enajus.org.br\/2024\/enajus-2025\/\",\"url\":\"https:\/\/enajus.org.br\/2024\/enajus-2025\/\",\"name\":\"EnAJUS 2025 - EnAJUS\",\"isPartOf\":{\"@id\":\"https:\/\/enajus.org.br\/2024\/#website\"},\"primaryImageOfPage\":{\"@id\":\"https:\/\/enajus.org.br\/2024\/enajus-2025\/#primaryimage\"},\"image\":{\"@id\":\"https:\/\/enajus.org.br\/2024\/enajus-2025\/#primaryimage\"},\"thumbnailUrl\":\"https:\/\/enajus.org.br\/wp-content\/uploads\/2024\/12\/anuncio-enajus-2025.jpg\",\"datePublished\":\"2024-12-21T12:41:23+00:00\",\"dateModified\":\"2024-12-21T12:41:24+00:00\",\"breadcrumb\":{\"@id\":\"https:\/\/enajus.org.br\/2024\/enajus-2025\/#breadcrumb\"},\"inLanguage\":\"pt-BR\",\"potentialAction\":[{\"@type\":\"ReadAction\",\"target\":[\"https:\/\/enajus.org.br\/2024\/enajus-2025\/\"]}]},{\"@type\":\"ImageObject\",\"inLanguage\":\"pt-BR\",\"@id\":\"https:\/\/enajus.org.br\/2024\/enajus-2025\/#primaryimage\",\"url\":\"https:\/\/enajus.org.br\/wp-content\/uploads\/2024\/12\/anuncio-enajus-2025.jpg\",\"contentUrl\":\"https:\/\/enajus.org.br\/wp-content\/uploads\/2024\/12\/anuncio-enajus-2025.jpg\"},{\"@type\":\"BreadcrumbList\",\"@id\":\"https:\/\/enajus.org.br\/2024\/enajus-2025\/#breadcrumb\",\"itemListElement\":[{\"@type\":\"ListItem\",\"position\":1,\"name\":\"In\u00edcio\",\"item\":\"https:\/\/enajus.org.br\/2024\/\"},{\"@type\":\"ListItem\",\"position\":2,\"name\":\"EnAJUS 2025\"}]},{\"@type\":\"WebSite\",\"@id\":\"https:\/\/enajus.org.br\/2024\/#website\",\"url\":\"https:\/\/enajus.org.br\/2024\/\",\"name\":\"EnAJUS\",\"description\":\"Encontro de Administra\u00e7\u00e3o da Justi\u00e7a\",\"publisher\":{\"@id\":\"https:\/\/enajus.org.br\/2024\/#organization\"},\"potentialAction\":[{\"@type\":\"SearchAction\",\"target\":{\"@type\":\"EntryPoint\",\"urlTemplate\":\"https:\/\/enajus.org.br\/2024\/?s={search_term_string}\"},\"query-input\":{\"@type\":\"PropertyValueSpecification\",\"valueRequired\":true,\"valueName\":\"search_term_string\"}}],\"inLanguage\":\"pt-BR\"},{\"@type\":\"Organization\",\"@id\":\"https:\/\/enajus.org.br\/2024\/#organization\",\"name\":\"EnAJUS\",\"url\":\"https:\/\/enajus.org.br\/2024\/\",\"logo\":{\"@type\":\"ImageObject\",\"inLanguage\":\"pt-BR\",\"@id\":\"https:\/\/enajus.org.br\/2024\/#\/schema\/logo\/image\/\",\"url\":\"https:\/\/enajus.org.br\/wp-content\/uploads\/2024\/01\/logo-enajus-2024.svg\",\"contentUrl\":\"https:\/\/enajus.org.br\/wp-content\/uploads\/2024\/01\/logo-enajus-2024.svg\",\"width\":491,\"height\":91,\"caption\":\"EnAJUS\"},\"image\":{\"@id\":\"https:\/\/enajus.org.br\/2024\/#\/schema\/logo\/image\/\"},\"sameAs\":[\"https:\/\/www.facebook.com\/enajus2024\",\"https:\/\/www.instagram.com\/enajus2024\",\"https:\/\/www.youtube.com\/c\/enajus\"]}]}<\/script>\n<!-- \/ Yoast SEO plugin. -->","yoast_head_json":{"title":"EnAJUS 2025 - EnAJUS","robots":{"index":"index","follow":"follow","max-snippet":"max-snippet:-1","max-image-preview":"max-image-preview:large","max-video-preview":"max-video-preview:-1"},"canonical":"https:\/\/enajus.org.br\/2024\/enajus-2025\/","og_locale":"pt_BR","og_type":"article","og_title":"EnAJUS 2025 - EnAJUS","og_url":"https:\/\/enajus.org.br\/2024\/enajus-2025\/","og_site_name":"EnAJUS","article_publisher":"https:\/\/www.facebook.com\/enajus2024","article_modified_time":"2024-12-21T12:41:24+00:00","og_image":[{"url":"https:\/\/enajus.org.br\/wp-content\/uploads\/2024\/12\/anuncio-enajus-2025.jpg"}],"twitter_card":"summary_large_image","twitter_misc":{"Est. tempo de leitura":"1 minuto"},"schema":{"@context":"https:\/\/schema.org","@graph":[{"@type":"WebPage","@id":"https:\/\/enajus.org.br\/2024\/enajus-2025\/","url":"https:\/\/enajus.org.br\/2024\/enajus-2025\/","name":"EnAJUS 2025 - EnAJUS","isPartOf":{"@id":"https:\/\/enajus.org.br\/2024\/#website"},"primaryImageOfPage":{"@id":"https:\/\/enajus.org.br\/2024\/enajus-2025\/#primaryimage"},"image":{"@id":"https:\/\/enajus.org.br\/2024\/enajus-2025\/#primaryimage"},"thumbnailUrl":"https:\/\/enajus.org.br\/wp-content\/uploads\/2024\/12\/anuncio-enajus-2025.jpg","datePublished":"2024-12-21T12:41:23+00:00","dateModified":"2024-12-21T12:41:24+00:00","breadcrumb":{"@id":"https:\/\/enajus.org.br\/2024\/enajus-2025\/#breadcrumb"},"inLanguage":"pt-BR","potentialAction":[{"@type":"ReadAction","target":["https:\/\/enajus.org.br\/2024\/enajus-2025\/"]}]},{"@type":"ImageObject","inLanguage":"pt-BR","@id":"https:\/\/enajus.org.br\/2024\/enajus-2025\/#primaryimage","url":"https:\/\/enajus.org.br\/wp-content\/uploads\/2024\/12\/anuncio-enajus-2025.jpg","contentUrl":"https:\/\/enajus.org.br\/wp-content\/uploads\/2024\/12\/anuncio-enajus-2025.jpg"},{"@type":"BreadcrumbList","@id":"https:\/\/enajus.org.br\/2024\/enajus-2025\/#breadcrumb","itemListElement":[{"@type":"ListItem","position":1,"name":"In\u00edcio","item":"https:\/\/enajus.org.br\/2024\/"},{"@type":"ListItem","position":2,"name":"EnAJUS 2025"}]},{"@type":"WebSite","@id":"https:\/\/enajus.org.br\/2024\/#website","url":"https:\/\/enajus.org.br\/2024\/","name":"EnAJUS","description":"Encontro de Administra\u00e7\u00e3o da Justi\u00e7a","publisher":{"@id":"https:\/\/enajus.org.br\/2024\/#organization"},"potentialAction":[{"@type":"SearchAction","target":{"@type":"EntryPoint","urlTemplate":"https:\/\/enajus.org.br\/2024\/?s={search_term_string}"},"query-input":{"@type":"PropertyValueSpecification","valueRequired":true,"valueName":"search_term_string"}}],"inLanguage":"pt-BR"},{"@type":"Organization","@id":"https:\/\/enajus.org.br\/2024\/#organization","name":"EnAJUS","url":"https:\/\/enajus.org.br\/2024\/","logo":{"@type":"ImageObject","inLanguage":"pt-BR","@id":"https:\/\/enajus.org.br\/2024\/#\/schema\/logo\/image\/","url":"https:\/\/enajus.org.br\/wp-content\/uploads\/2024\/01\/logo-enajus-2024.svg","contentUrl":"https:\/\/enajus.org.br\/wp-content\/uploads\/2024\/01\/logo-enajus-2024.svg","width":491,"height":91,"caption":"EnAJUS"},"image":{"@id":"https:\/\/enajus.org.br\/2024\/#\/schema\/logo\/image\/"},"sameAs":["https:\/\/www.facebook.com\/enajus2024","https:\/\/www.instagram.com\/enajus2024","https:\/\/www.youtube.com\/c\/enajus"]}]}},"_links":{"self":[{"href":"https:\/\/enajus.org.br\/2024\/wp-json\/wp\/v2\/pages\/2354","targetHints":{"allow":["GET"]}}],"collection":[{"href":"https:\/\/enajus.org.br\/2024\/wp-json\/wp\/v2\/pages"}],"about":[{"href":"https:\/\/enajus.org.br\/2024\/wp-json\/wp\/v2\/types\/page"}],"author":[{"embeddable":true,"href":"https:\/\/enajus.org.br\/2024\/wp-json\/wp\/v2\/users\/1"}],"replies":[{"embeddable":true,"href":"https:\/\/enajus.org.br\/2024\/wp-json\/wp\/v2\/comments?post=2354"}],"version-history":[{"count":1,"href":"https:\/\/enajus.org.br\/2024\/wp-json\/wp\/v2\/pages\/2354\/revisions"}],"predecessor-version":[{"id":2356,"href":"https:\/\/enajus.org.br\/2024\/wp-json\/wp\/v2\/pages\/2354\/revisions\/2356"}],"wp:attachment":[{"href":"https:\/\/enajus.org.br\/2024\/wp-json\/wp\/v2\/media?parent=2354"}],"curies":[{"name":"wp","href":"https:\/\/api.w.org\/{rel}","templated":true}]}}