{"id":70,"date":"2025-03-08T17:37:10","date_gmt":"2025-03-08T20:37:10","guid":{"rendered":"https:\/\/enajus.org.br\/2025\/?page_id=70"},"modified":"2025-03-10T07:47:37","modified_gmt":"2025-03-10T10:47:37","slug":"tema-central-2025","status":"publish","type":"page","link":"https:\/\/enajus.org.br\/2025\/tema-central-2025\/","title":{"rendered":"Tema central |2025"},"content":{"rendered":"\n<p>O EnAJUS 2025 tem como tema central &#8220;<strong>Desafios e Oportunidades para o Sistema de Justi\u00e7a na Sociedade da Informa\u00e7\u00e3o&#8221;<\/strong>, sugerindo reflex\u00f5es, an\u00e1lises e debates sobre as mudan\u00e7as que as novas rela\u00e7\u00f5es sociais, baseadas em disruptivas aplica\u00e7\u00f5es das redes e tecnologias, t\u00eam projetado sobre as institui\u00e7\u00f5es que integram o sistema de Justi\u00e7a. O EnAJUS 2025 constitui a oitava edi\u00e7\u00e3o de evento cient\u00edfico que vem, desde 2018, promovendo a discuss\u00e3o, com base em evid\u00eancias, das distintas dimens\u00f5es te\u00f3ricas, metodol\u00f3gicas e pr\u00e1ticas, que comp\u00f5em o funcionamento do sistema de Justi\u00e7a.<\/p>\n\n\n\n<p>Ao abordar o tema &#8220;Desafios e Oportunidades para o Sistema de Justi\u00e7a na Sociedade da Informa\u00e7\u00e3o&#8221;, o evento prop\u00f5e-se a analisar as profundas transforma\u00e7\u00f5es que a sociedade midiatizada, as tecnologias digitais e as redes t\u00eam provocado nas institui\u00e7\u00f5es do sistema de Justi\u00e7a. Este fen\u00f4meno, caracterizado pela &#8220;compress\u00e3o espa\u00e7o-tempo&#8221; (Harvey, 1992) e pela penetrabilidade em escala global das tecnologias da informa\u00e7\u00e3o (Castells, 1999), tem ressignificado as rela\u00e7\u00f5es sociais e institucionais, especialmente ap\u00f3s a pandemia da COVID-19, que acelerou a ado\u00e7\u00e3o de solu\u00e7\u00f5es digitais no \u00e2mbito judicial. \u00c9 de grande interesse tamb\u00e9m do EnAJUS discutir como tais avan\u00e7os nas tecnologias da informa\u00e7\u00e3o impactam diretamente na qualidade e na efetividade dos servi\u00e7os oferecidos pelo sistema de Justi\u00e7a \u00e0 sociedade.<\/p>\n\n\n\n<p>Em um contexto em que os dados se tornaram ativos cruciais para a tomada de decis\u00f5es (Harari, 2018), observa-se uma transforma\u00e7\u00e3o significativa no fazer da Justi\u00e7a, exemplificada por iniciativas como a pol\u00edtica p\u00fablica da &#8220;Justi\u00e7a 4.0&#8221; e a Plataforma Digital do Poder Judici\u00e1rio brasileiro. Estas mudan\u00e7as manifestam-se globalmente, embora em diferentes intensidades, suscitando importantes debates sobre a prote\u00e7\u00e3o de direitos fundamentais, especialmente quanto \u00e0 privacidade e aos dados pessoais, bem como sobre a robotiza\u00e7\u00e3o de opera\u00e7\u00f5es processuais e o uso de intelig\u00eancia artificial na produ\u00e7\u00e3o do trabalho jur\u00eddico.<\/p>\n\n\n\n<p>Diante deste cen\u00e1rio de profundas transforma\u00e7\u00f5es tecnol\u00f3gicas e suas implica\u00e7\u00f5es para o acesso \u00e0 justi\u00e7a, o EnAJUS 2025 prop\u00f5e-se a catalisar pesquisas e an\u00e1lises cr\u00edticas que contribuam para a constru\u00e7\u00e3o de um panorama epist\u00eamico amplo sobre o sistema de Justi\u00e7a na era informacional. O evento visa fomentar discuss\u00f5es sobre quest\u00f5es cruciais como a inclus\u00e3o digital, a prote\u00e7\u00e3o de dados e a efetividade das novas ferramentas tecnol\u00f3gicas no contexto judicial, promovendo um espa\u00e7o de reflex\u00e3o sobre os desafios e oportunidades desta nova realidade.<\/p>\n\n\n\n<p>Ao propor a discuss\u00e3o em torno dessa ampla tem\u00e1tica, o EnAJUS 2025 busca, portanto, contribuir para a amplia\u00e7\u00e3o das reflex\u00f5es t\u00e9cnicas e acad\u00eamicas sobre a administra\u00e7\u00e3o dos sistemas de justi\u00e7a, no \u00e2mbito nacional e internacional, visando disseminar conhecimentos apoiados em evid\u00eancias que possam contribuir para enfrentar os desafios que perpassam esse importante campo de an\u00e1lise.<\/p>\n","protected":false},"excerpt":{"rendered":"<p>O EnAJUS 2025 tem como tema central &#8220;Desafios e Oportunidades para o Sistema de Justi\u00e7a na Sociedade da Informa\u00e7\u00e3o&#8221;, sugerindo reflex\u00f5es, an\u00e1lises e debates sobre as mudan\u00e7as que as novas rela\u00e7\u00f5es sociais, baseadas em disruptivas aplica\u00e7\u00f5es das redes e tecnologias, t\u00eam projetado sobre as institui\u00e7\u00f5es que integram o sistema de Justi\u00e7a. O EnAJUS 2025 constitui &hellip; <a href=\"https:\/\/enajus.org.br\/2025\/tema-central-2025\/\" class=\"more-link\">Continue lendo<span class=\"screen-reader-text\"> &#8220;Tema central |2025&#8221;<\/span><\/a><\/p>\n","protected":false},"author":1,"featured_media":0,"parent":0,"menu_order":0,"comment_status":"closed","ping_status":"closed","template":"","meta":{"_acf_changed":false,"footnotes":""},"class_list":["post-70","page","type-page","status-publish","hentry"],"acf":[],"yoast_head":"<!-- This site is optimized with the Yoast SEO plugin v27.4 - https:\/\/yoast.com\/product\/yoast-seo-wordpress\/ -->\n<title>Tema central |2025 - EnAJUS 2025<\/title>\n<meta name=\"robots\" content=\"index, follow, max-snippet:-1, max-image-preview:large, max-video-preview:-1\" \/>\n<link rel=\"canonical\" href=\"https:\/\/enajus.org.br\/2025\/tema-central-2025\/\" \/>\n<meta property=\"og:locale\" content=\"pt_BR\" \/>\n<meta property=\"og:type\" content=\"article\" \/>\n<meta property=\"og:title\" content=\"Tema central |2025 - EnAJUS 2025\" \/>\n<meta property=\"og:description\" content=\"O EnAJUS 2025 tem como tema central &#8220;Desafios e Oportunidades para o Sistema de Justi\u00e7a na Sociedade da Informa\u00e7\u00e3o&#8221;, sugerindo reflex\u00f5es, an\u00e1lises e debates sobre as mudan\u00e7as que as novas rela\u00e7\u00f5es sociais, baseadas em disruptivas aplica\u00e7\u00f5es das redes e tecnologias, t\u00eam projetado sobre as institui\u00e7\u00f5es que integram o sistema de Justi\u00e7a. O EnAJUS 2025 constitui &hellip; Continue lendo &quot;Tema central |2025&quot;\" \/>\n<meta property=\"og:url\" content=\"https:\/\/enajus.org.br\/2025\/tema-central-2025\/\" \/>\n<meta property=\"og:site_name\" content=\"EnAJUS 2025\" \/>\n<meta property=\"article:publisher\" content=\"https:\/\/www.facebook.com\/enajus2025\" \/>\n<meta property=\"article:modified_time\" content=\"2025-03-10T10:47:37+00:00\" \/>\n<meta name=\"twitter:card\" content=\"summary_large_image\" \/>\n<meta name=\"twitter:label1\" content=\"Est. tempo de leitura\" \/>\n\t<meta name=\"twitter:data1\" content=\"2 minutos\" \/>\n<script type=\"application\/ld+json\" class=\"yoast-schema-graph\">{\"@context\":\"https:\\\/\\\/schema.org\",\"@graph\":[{\"@type\":\"WebPage\",\"@id\":\"https:\\\/\\\/enajus.org.br\\\/2025\\\/tema-central-2025\\\/\",\"url\":\"https:\\\/\\\/enajus.org.br\\\/2025\\\/tema-central-2025\\\/\",\"name\":\"Tema central |2025 - EnAJUS 2025\",\"isPartOf\":{\"@id\":\"https:\\\/\\\/enajus.org.br\\\/2025\\\/#website\"},\"datePublished\":\"2025-03-08T20:37:10+00:00\",\"dateModified\":\"2025-03-10T10:47:37+00:00\",\"breadcrumb\":{\"@id\":\"https:\\\/\\\/enajus.org.br\\\/2025\\\/tema-central-2025\\\/#breadcrumb\"},\"inLanguage\":\"pt-BR\",\"potentialAction\":[{\"@type\":\"ReadAction\",\"target\":[\"https:\\\/\\\/enajus.org.br\\\/2025\\\/tema-central-2025\\\/\"]}]},{\"@type\":\"BreadcrumbList\",\"@id\":\"https:\\\/\\\/enajus.org.br\\\/2025\\\/tema-central-2025\\\/#breadcrumb\",\"itemListElement\":[{\"@type\":\"ListItem\",\"position\":1,\"name\":\"In\u00edcio\",\"item\":\"https:\\\/\\\/enajus.org.br\\\/2025\\\/\"},{\"@type\":\"ListItem\",\"position\":2,\"name\":\"Tema central |2025\"}]},{\"@type\":\"WebSite\",\"@id\":\"https:\\\/\\\/enajus.org.br\\\/2025\\\/#website\",\"url\":\"https:\\\/\\\/enajus.org.br\\\/2025\\\/\",\"name\":\"EnAJUS 2025\",\"description\":\"O Encontro de Administra\u00e7\u00e3o da Justi\u00e7a congrega v\u00e1rias \u00e1reas do conhecimento, como Direito, Administra\u00e7\u00e3o P\u00fablica, Economia, Sociologia, Ci\u00eancia Pol\u00edtica, Tecnologia da Informa\u00e7\u00e3o, Ci\u00eancia de Dados, Psicologia, Comunica\u00e7\u00e3o, com a finalidade de gerar e disseminar conhecimentos capazes de melhorar os n\u00edveis de efici\u00eancia e de efetividade da Justi\u00e7a.\",\"publisher\":{\"@id\":\"https:\\\/\\\/enajus.org.br\\\/2025\\\/#organization\"},\"potentialAction\":[{\"@type\":\"SearchAction\",\"target\":{\"@type\":\"EntryPoint\",\"urlTemplate\":\"https:\\\/\\\/enajus.org.br\\\/2025\\\/?s={search_term_string}\"},\"query-input\":{\"@type\":\"PropertyValueSpecification\",\"valueRequired\":true,\"valueName\":\"search_term_string\"}}],\"inLanguage\":\"pt-BR\"},{\"@type\":\"Organization\",\"@id\":\"https:\\\/\\\/enajus.org.br\\\/2025\\\/#organization\",\"name\":\"EnAJUS 2025\",\"url\":\"https:\\\/\\\/enajus.org.br\\\/2025\\\/\",\"logo\":{\"@type\":\"ImageObject\",\"inLanguage\":\"pt-BR\",\"@id\":\"https:\\\/\\\/enajus.org.br\\\/2025\\\/#\\\/schema\\\/logo\\\/image\\\/\",\"url\":\"https:\\\/\\\/enajus.org.br\\\/2025\\\/wp-content\\\/uploads\\\/2025\\\/03\\\/logo-enajus.svg\",\"contentUrl\":\"https:\\\/\\\/enajus.org.br\\\/2025\\\/wp-content\\\/uploads\\\/2025\\\/03\\\/logo-enajus.svg\",\"width\":297,\"height\":50,\"caption\":\"EnAJUS 2025\"},\"image\":{\"@id\":\"https:\\\/\\\/enajus.org.br\\\/2025\\\/#\\\/schema\\\/logo\\\/image\\\/\"},\"sameAs\":[\"https:\\\/\\\/www.facebook.com\\\/enajus2025\",\"https:\\\/\\\/www.youtube.com\\\/@ENAJUS\",\"https:\\\/\\\/www.instagram.com\\\/enajus2025\"]}]}<\/script>\n<!-- \/ Yoast SEO plugin. -->","yoast_head_json":{"title":"Tema central |2025 - EnAJUS 2025","robots":{"index":"index","follow":"follow","max-snippet":"max-snippet:-1","max-image-preview":"max-image-preview:large","max-video-preview":"max-video-preview:-1"},"canonical":"https:\/\/enajus.org.br\/2025\/tema-central-2025\/","og_locale":"pt_BR","og_type":"article","og_title":"Tema central |2025 - EnAJUS 2025","og_description":"O EnAJUS 2025 tem como tema central &#8220;Desafios e Oportunidades para o Sistema de Justi\u00e7a na Sociedade da Informa\u00e7\u00e3o&#8221;, sugerindo reflex\u00f5es, an\u00e1lises e debates sobre as mudan\u00e7as que as novas rela\u00e7\u00f5es sociais, baseadas em disruptivas aplica\u00e7\u00f5es das redes e tecnologias, t\u00eam projetado sobre as institui\u00e7\u00f5es que integram o sistema de Justi\u00e7a. O EnAJUS 2025 constitui &hellip; Continue lendo \"Tema central |2025\"","og_url":"https:\/\/enajus.org.br\/2025\/tema-central-2025\/","og_site_name":"EnAJUS 2025","article_publisher":"https:\/\/www.facebook.com\/enajus2025","article_modified_time":"2025-03-10T10:47:37+00:00","twitter_card":"summary_large_image","twitter_misc":{"Est. tempo de leitura":"2 minutos"},"schema":{"@context":"https:\/\/schema.org","@graph":[{"@type":"WebPage","@id":"https:\/\/enajus.org.br\/2025\/tema-central-2025\/","url":"https:\/\/enajus.org.br\/2025\/tema-central-2025\/","name":"Tema central |2025 - EnAJUS 2025","isPartOf":{"@id":"https:\/\/enajus.org.br\/2025\/#website"},"datePublished":"2025-03-08T20:37:10+00:00","dateModified":"2025-03-10T10:47:37+00:00","breadcrumb":{"@id":"https:\/\/enajus.org.br\/2025\/tema-central-2025\/#breadcrumb"},"inLanguage":"pt-BR","potentialAction":[{"@type":"ReadAction","target":["https:\/\/enajus.org.br\/2025\/tema-central-2025\/"]}]},{"@type":"BreadcrumbList","@id":"https:\/\/enajus.org.br\/2025\/tema-central-2025\/#breadcrumb","itemListElement":[{"@type":"ListItem","position":1,"name":"In\u00edcio","item":"https:\/\/enajus.org.br\/2025\/"},{"@type":"ListItem","position":2,"name":"Tema central |2025"}]},{"@type":"WebSite","@id":"https:\/\/enajus.org.br\/2025\/#website","url":"https:\/\/enajus.org.br\/2025\/","name":"EnAJUS 2025","description":"O Encontro de Administra\u00e7\u00e3o da Justi\u00e7a congrega v\u00e1rias \u00e1reas do conhecimento, como Direito, Administra\u00e7\u00e3o P\u00fablica, Economia, Sociologia, Ci\u00eancia Pol\u00edtica, Tecnologia da Informa\u00e7\u00e3o, Ci\u00eancia de Dados, Psicologia, Comunica\u00e7\u00e3o, com a finalidade de gerar e disseminar conhecimentos capazes de melhorar os n\u00edveis de efici\u00eancia e de efetividade da Justi\u00e7a.","publisher":{"@id":"https:\/\/enajus.org.br\/2025\/#organization"},"potentialAction":[{"@type":"SearchAction","target":{"@type":"EntryPoint","urlTemplate":"https:\/\/enajus.org.br\/2025\/?s={search_term_string}"},"query-input":{"@type":"PropertyValueSpecification","valueRequired":true,"valueName":"search_term_string"}}],"inLanguage":"pt-BR"},{"@type":"Organization","@id":"https:\/\/enajus.org.br\/2025\/#organization","name":"EnAJUS 2025","url":"https:\/\/enajus.org.br\/2025\/","logo":{"@type":"ImageObject","inLanguage":"pt-BR","@id":"https:\/\/enajus.org.br\/2025\/#\/schema\/logo\/image\/","url":"https:\/\/enajus.org.br\/2025\/wp-content\/uploads\/2025\/03\/logo-enajus.svg","contentUrl":"https:\/\/enajus.org.br\/2025\/wp-content\/uploads\/2025\/03\/logo-enajus.svg","width":297,"height":50,"caption":"EnAJUS 2025"},"image":{"@id":"https:\/\/enajus.org.br\/2025\/#\/schema\/logo\/image\/"},"sameAs":["https:\/\/www.facebook.com\/enajus2025","https:\/\/www.youtube.com\/@ENAJUS","https:\/\/www.instagram.com\/enajus2025"]}]}},"_links":{"self":[{"href":"https:\/\/enajus.org.br\/2025\/wp-json\/wp\/v2\/pages\/70","targetHints":{"allow":["GET"]}}],"collection":[{"href":"https:\/\/enajus.org.br\/2025\/wp-json\/wp\/v2\/pages"}],"about":[{"href":"https:\/\/enajus.org.br\/2025\/wp-json\/wp\/v2\/types\/page"}],"author":[{"embeddable":true,"href":"https:\/\/enajus.org.br\/2025\/wp-json\/wp\/v2\/users\/1"}],"replies":[{"embeddable":true,"href":"https:\/\/enajus.org.br\/2025\/wp-json\/wp\/v2\/comments?post=70"}],"version-history":[{"count":0,"href":"https:\/\/enajus.org.br\/2025\/wp-json\/wp\/v2\/pages\/70\/revisions"}],"wp:attachment":[{"href":"https:\/\/enajus.org.br\/2025\/wp-json\/wp\/v2\/media?parent=70"}],"curies":[{"name":"wp","href":"https:\/\/api.w.org\/{rel}","templated":true}]}}